5152?
1
What is the units digit of 28061?
1
What is the units digit of 3274?
4
What is the hundreds digit of 9710?
7
What is the tens digit of 634?
3
What is the tens digit of 2369?
6
What is the hundreds digit of 56378?
3
What is the tens digit of 20744?
4
What is the units digit of 3412?
2
What is the units digit of 12706?
6
What is the hundreds digit of 4627?
6
What is the hundreds digit of 860?
8
What is the hundreds digit of 716?
7
What is the tens digit of 2554?
5
What is the hundreds digit of 58512?
5
What is the hundreds digit of 739?
7
What is the tens digit of 17066?
6
What is the units digit of 9239?
9
What is the ten thousands digit of 26924?
2
What is the ten thousands digit of 16452?
1
What is the units digit of 12713?
3
What is the units digit of 1861?
1
What is the thousands digit of 6992?
6
What is the hundreds digit of 24708?
7
What is the units digit of 1956?
6
What is the thousands digit of 2559?
2
What is the units digit of 2680?
0
What is the thousands digit of 3737?
3
What is the hundreds digit of 130846?
8
What is the thousands digit of 1126?
1
What is the units digit of 2221?
1
What is the ten thousands digit of 38970?
3
What is the thousands digit of 5671?
5
What is the units digit of 59836?
6
What is the thousands digit of 1119?
1
What is the hundreds digit of 6334?
3
What is the thousands digit of 7790?
7
What is the hundreds digit of 199?
1
What is the units digit of 74028?
8
What is the tens digit of 597?
9
What is the units digit of 2129?
9
What is the thousands digit of 49555?
9
What is the units digit of 2913?
3
What is the tens digit of 133092?
9
What is the tens digit of 802?
0
What is the tens digit of 4891?
9
What is the hundreds digit of 14630?
6
What is the tens digit of 33494?
9
What is the units digit of 486?
6
What is the tens digit of 526?
2
What is the tens digit of 12043?
4
What is the tens digit of 44387?
8
What is the units digit of 7431?
1
What is the units digit of 67057?
7
What is the hundreds digit of 913?
9
What is the hundreds digit of 26540?
5
What is the ten thousands digit of 45546?
4
What is the units digit of 9726?
6
What is the hundreds digit of 5459?
4
What is the tens digit of 1899?
9
What is the tens digit of 147?
4
What is the hundreds digit of 14275?
2
What is the hundreds digit of 29685?
6
What is the units digit of 18?
8
What is the tens digit of 2388?
8
What is the hundred thousands digit of 173263?
1
What is the hundreds digit of 115?
1
What is the thousands digit of 1991?
1
What is the ten thousands digit of 24590?
2
What is the tens digit of 2934?
3
What is the hundreds digit of 1735?
7
What is the tens digit of 145422?
2
What is the ten thousands digit of 11217?
1
What is the units digit of 2985?
5
What is the thousands digit of 47068?
7
What is the units digit of 3114?
4
What is the hundreds digit of 1483?
4
What is the hundreds digit of 32263?
2
What is the units digit of 1394?
4
What is the tens digit of 948?
4
What is the hundreds digit of 2742?
7
What is the thousands digit of 2487?
2
What is the hundreds digit of 11896?
8
What is the thousands digit of 43138?
3
What is the tens digit of 759?
5
What is the tens digit of 905?
0
What is the hundreds digit of 22677?
6
What is the units digit of 1456?
6
What is the tens digit of 54973?
7
What is the hundreds digit of 1928?
9
What is the tens digit of 4303?
0
What is the hundreds digit of 3559?
5
What is the units digit of 6112?
2
What is the tens digit of 401?
0
What is the hundreds digit of 906?
9
What is the tens digit of 989?
8
What is the thousands digit of 31726?
1
What is the hundreds digit of 5376?
3
What is the thousands digit of 2059?
2
What is the ten thousands digit of 56757?
5
What is the hundreds digit of 37431?
4
What is the tens digit of 591?
9
What is the tens digit of 18548?
4
What is the ten thousands digit of 15856?
1
What is the hundreds digit of 663?
6
What is the ten thousands digit of 86438?
8
What is the thousands digit of 62628?
2
What is the units digit of 173?
3
What is the units digit of 53239?
9
What is the units digit of 11261?
1
What is the units digit of 216?
6
What is the ten thousands digit of 97307?
9
What is the tens digit of 670?
7
What is the thousands digit of 1535?
1
What is the units digit of 1505?
5
What is the tens digit of 15909?
0
What is the thousands digit of 6550?
6
What is the tens digit of 8231?
3
What is the tens digit of 30626?
2
What is the hundreds digit of 40028?
0
What is the thousands digit of 4957?
4
What is the thousands digit of 1423?
1
What is the thousands digit of 8869?
8
What is the units digit of 895?
5
What is the thousands digit of 1221?
1
What is the hundreds digit of 2331?
3
What is the units digit of 66791?
1
What is the units digit of 5210?
0
What is the tens digit of 168?
6
What is the units digit of 6942?
2
What is the thousands digit of 2499?
2
What is the thousands digit of 1514?
1
What is the tens digit of 12047?
4
What is the tens digit of 519?
1
What is the ten thousands digit of 33656?
3
What is the units digit of 186168?
8
What is the tens digit of 3987?
8
What is the thousands digit of 4018?
4
What is the hundreds digit of 2883?
8
What is the units digit of 1409?
9
What is the hundreds digit of 485?
4
What is the hundreds digit of 1032?
0
What is the tens digit of 22802?
0
What is the hundreds digit of 4001?
0
What is the hundreds digit of 608?
6
What is the tens digit of 64586?
8
What is the hundreds digit of 1435?
4
What is the tens digit of 332?
3
What is the hundred thousands digit of 111070?
1
What is the units digit of 14543?
3
What is the thousands digit of 12505?
2
What is the units digit of 54302?
2
What is the hundreds digit of 25459?
4
What is the tens digit of 627?
2
What is the thousands digit of 5185?
5
What is the hundreds digit of 4036?
0
What is the tens digit of 6310?
1
What is the hundreds digit of 24051?
0
What is the tens digit of 52226?
2
What is the units digit of 8782?
2
What is the thousands digit of 5994?
5
What is the units digit of 16521?
1
What is the thousands digit of 2260?
2
What is the units digit of 8?
8
What is the units digit of 28162?
2
What is the hundreds digit of 45072?
0
What is the hundreds digit of 171?
1
What is the hundreds digit of 135328?
3
What is the units digit of 5342?
2
What is the hundreds digit of 3631?
6
What is the thousands digit of 2455?
2
What is the tens digit of 13938?
3
What is the hundreds digit of 4853?
8
What is the hundreds digit of 18607?
6
What is the hundreds digit of 37892?
8
What is the tens digit of 556?
5
What is the tens digit of 4191?
9
What is the units digit of 23?
3
What is the tens digit of 4570?
7
What is the units digit of 1028?
8
What is the thousands digit of 66352?
6
What is the hundreds digit of 8878?
8
What is the tens digit of 30723?
2
What is the units digit of 718?
8
What is the thousands digit of 10592?
0
What is the units digit of 440?
0
What is the units digit of 37047?
7
What is the tens digit of 967?
6
What is the thousands digit of 1497?
1
What is the thousands digit of 68238?
8
What is the hundreds digit of 64048?
0
What is the hundreds digit of 326?
3
What is the tens digit of 16524?
2
What is the thousands digit of 24583?
4
What is the tens digit of 1372?
7
What is the ten thousands digit of 11741?
1
What is the tens digit of 6727?
2
What is the thousands digit of 1062?
1
What is the hundreds digit of 189943?
9
What is the hundreds digit of 741?
7
What is the units digit of 384?
4
What is the ten thousands digit of 20226?
2
What is the tens digit of 270?
7
What is the units digit of 348?
8
What is the thousands digit of 11534?
1
What is the thousands digit of 52566?
2
What is the units digit of 22552?
2
What is the units digit of 1560?
0
What is the tens digit of 2135?
3
What is the units digit of 10489?
9
What is the thousands digit of 18831?
8
What is the hundreds digit of 415?
4
What is the ten thousands digit of 43652?
4
What is the hundreds digit of 1778?
7
What is the thousands digit of 3725?
3
What is the thousands digit of 4704?
4
What is the hundreds digit of 697?
6
What is the thousands digit of 23519?
3
What is the ten thousands digit of 14670?
1
What is the ten thousands digit of 10318?
1
What is the tens digit of 319?
1
What is t